
Let p = 2514 + -835. What are the prime factors of p?
23, 73
Let g(r) = 175*r**3 - 2*r**2 + 50*r - 16. What are the prime factors of g(6)?
2, 13, 17, 43
Suppose 1441*p + 598 = 1443*p. What are the prime factors of p?
13, 23
Let k(p) = -7129*p - 417. List the prime factors of k(-2).
13841
Let b = -15910 + 33464. List the prime factors of b.
2, 67, 131
Let w = 35615 + -7090. What are the prime factors of w?
5, 7, 163
Let q(g) = -331*g**3 - 2*g - 2. Suppose 24*m + 27 = 3. What are the prime factors of q(m)?
331
Suppose -72*h - 98*h + 977500 = 0. What are the prime factors of h?
2, 5, 23
Suppose -70*d = -73*d + 61*d - 744024. What are the prime factors of d?
2, 3, 1069
Suppose o - 606 = 3*w, -w + 53 - 255 = -5*o. Let v = -155 - w. List the prime factors of v.
47
Let p = 213 + -211. List the prime factors of (p + 2 + -3)*506/2.
11, 23
Let j = -686 - -1583. Let c = j - 407. What are the prime factors of c?
2, 5, 7
Let k(d) = 22*d + 186. Let u be k(8). Suppose 0 = 2*r - 4*m - u, r = -2*r - 3*m + 516. List the prime factors of r.
5, 7
Let z(w) = w**2 - 32*w + 331. What are the prime factors of z(79)?
2, 3, 337
Let r(g) = 9*g**2 - 64*g + 139. What are the prime factors of r(59)?
2, 7, 23, 43
Let n(m) = -m**2 - m + 3. Let j(y) = -10*y**2 + 6*y + 12. Let r(w) = -j(w) + 6*n(w). Let p(x) = -4*x - 2. Let u be p(-2). What are the prime factors of r(u)?
2, 3, 13
Let g(p) = p**3 + 45*p**2 - 947*p + 50. What are the prime factors of g(36)?
2, 29, 1223
Let o(n) = -n**2 + 140*n - 136. List the prime factors of o(87).
5, 179
Let b = 599 - -4517. List the prime factors of b.
2, 1279
Let m be 2/(((-10)/6)/(65/(-26))). Suppose -4*g = w + 22, -m*w - 35 = 2*w + 5*g. List the prime factors of (-464)/(-12) - w - 8/12.
2, 5
Suppose -21*z - 308 = -35. Let r be 8/2*9/2. Let d = r + z. List the prime factors of d.
5
Let r(q) = 1870*q**2 - 2*q + 5. List the prime factors of r(-2).
7489
What are the prime factors of 2/2 + -3 + -3 + -16 + 18942?
3, 7, 17, 53
Suppose 726 + 1319 = -5*o. Let z = o + 635. Suppose -z = -5*n - 3*c, -c - 2*c = 4*n - 179. What are the prime factors of n?
47
Suppose 0 = 3*o + 2*j - 9303, 0 = -2*o + 80*j - 79*j + 6209. What are the prime factors of o?
29, 107
Suppose -2*l = -4*l - 2*x + 1164, -l + 570 = 5*x. Let t be ((-2)/8)/(4/(-16)) - -405. Let j = l - t. List the prime factors of j.
179
Suppose s + 36 = -5*r, r = 3*s - 14 - 6. List the prime factors of 441 - 6 - (4 + r).
439
Let n be 10/75 + (-590)/(-75). Let h be (5 + -12 - -3) + n. Suppose -3*i - 40 = -u + 2*i, h*u + i = 55. List the prime factors of u.
3, 5
Let o be 19 + -20 + (6/(-2) - -46). Suppose o*s + 8435 = 67403. What are the prime factors of s?
2, 3, 13
Suppose 4*t - 56 = -5*q - 0*q, -3*q = 2*t - 30. Let w = 8 + 10. Let z = w - t. What are the prime factors of z?
3
Let m = -365 - -329. List the prime factors of 8834/10 + -1 + m/(-60).
883
Let i(u) = 17*u**2 + 30*u - 454. List the prime factors of i(14).
2, 17, 97
Suppose -135*x + 125*x + 384360 = 0. What are the prime factors of x?
2, 3, 3203
Let u be (-945)/(-10)*-1*(-3 - -5). What are the prime factors of (u/36)/(1 - (-337)/(-336))?
2, 3, 7
Suppose 187*q - 191*q = -p + 5382, -2*p + q + 10806 = 0. What are the prime factors of p?
2, 3, 17, 53
Suppose 35 = 4*x + 5*j, -4*x + 6*x = 5*j + 25. What are the prime factors of (-3170)/(-2)*4/x?
2, 317
Let t(o) = 20*o**2 - 3*o + 1. Let v be t(2). Suppose v = 5*p + 4*u - 827, 5*p = -u + 893. List the prime factors of p.
2, 89
Let d = -9966 - -11742. What are the prime factors of d?
2, 3, 37
Let p(q) = q - 8*q - 8*q**2 - 6 + q**3 - 1 + 4. Let o be p(9). Let t = -2 + o. List the prime factors of t.
13
Suppose -2*j = 77 - 127. Let r(b) = b**2 - 24*b - 14. List the prime factors of r(j).
11
Suppose -3*a - 5*c = -8*a + 20, 5*a = -2*c - 1. Let x be -7*(3 - 1 - a). Let w(s) = -24*s - 27. What are the prime factors of w(x)?
3, 47
Let s(m) = 18*m + 73. Let w be s(-4). List the prime factors of 485 + -63 - -1*w/1.
3, 47
Suppose -69*p = 41*p + 70447 - 1537077. List the prime factors of p.
67, 199
Let i = -8 + 74. Suppose -1 = h - i. Suppose -h + 7 = -v. List the prime factors of v.
2, 29
Let f(g) = -210 + 366 - 2*g + 148. List the prime factors of f(46).
2, 53
Let m(r) = -25*r**2 - 3*r - 2. Let x be m(-8). What are the prime factors of ((-3)/(-9))/((-2)/x)?
263
Suppose 2*n - 34 = 6. Suppose 2*g + 12 = 3*s, -5*s - g + n = 4*g. Suppose 3*p + s*p - 343 = 0. List the prime factors of p.
7
Let l(o) = -16*o - 3. Let t be l(7). Let q(d) = 22*d - 253. Let h be q(0). Let k = t - h. What are the prime factors of k?
2, 3, 23
Let o(a) = -a**3 - 15*a**2 - 4*a - 46. Let s be o(-15). Suppose -21*i + s*i = -1519. List the prime factors of i.
7, 31
Let m(x) = 532*x + 1578. List the prime factors of m(29).
2, 11, 773
Suppose -5*p + 10 = 0, 3*p = b - 852 - 2196. What are the prime factors of b?
2, 3, 509
Let f(n) be the first derivative of n**4/4 + 2*n**3 - 3*n**2 + 14*n - 2. Let w be f(-7). Suppose -1908 = -16*m + w*m. What are the prime factors of m?
2, 53
Let d(m) = 206*m - 185. Let t be -5*(52/(-10) - (14 + -18)). List the prime factors of d(t).
1051
Suppose -287*q + 409792 = -223*q. What are the prime factors of q?
19, 337
Suppose 112*x - 1778 = -232*x + 90*x. Let z(m) = 28 + 0 - m - 2*m. List the prime factors of z(x).
7
Let c = 597 + -1047. Let r = 664 + c. What are the prime factors of r?
2, 107
What are the prime factors of -14 + (23 - 1) + 7634*1?
2, 3821
Let o(m) = -17*m + 47. Let w(i) = -6*i + 16. Let b(g) = -3*o(g) + 8*w(g). Let x be b(10). What are the prime factors of x*(2 - (-1 - 1))?
2, 17
List the prime factors of 10 - 560/55 - 239408/22*-1.
2, 5441
Let g be (1 + -1)/((-21)/(-7)). Suppose 2*y + 5*u - 181 = g, 5*y + 0*u - 5*u - 505 = 0. Let o = 321 - y. What are the prime factors of o?
223
Suppose -5*m + 2*z + 10 + 1 = 0, m + 14 = -5*z. Let c be m + 1 + -2 + 3. Suppose -415 = -8*f + c*f. List the prime factors of f.
83
Let o = 17764 + -8981. List the prime factors of o.
8783
Let c = 169 - -68. Let v = -681 - -1091. Suppose -5*i - 3*h = -v, 5*h + 43 = 3*i - c. List the prime factors of i.
5, 17
Suppose 144 = 4*c - 104. Let y be -3*2/6*c. What are the prime factors of 8 - 9 - (y + 0)?
61
Let n be (-2 + -164)/(6/3 - 0). Let r = n - -87. List the prime factors of -2*(6 + -3 - 218/r).
103
Suppose -2*m + 5*o + 7026 = -157, 0 = 4*m - 2*o - 14358. What are the prime factors of m?
37, 97
Suppose 2*a = -2*z, 0*z - 24 = -5*z + a. Suppose 3*g - 4*k = -k, z*k - 12 = 0. Suppose 8 = j - s, -g*j - s = 2*j - 40. List the prime factors of j.
2
Let f be ((-8)/14)/(-1*(-4)/(-28)). Suppose 180 = f*p - 184. What are the prime factors of p?
7, 13
Suppose -9*i = -19*i. What are the prime factors of i + 309/45 + (-10)/(-75)?
7
Suppose -5632958 = -214*p - 407807 + 1858677. What are the prime factors of p?
2, 3, 613
Suppose i - 264 = -5*r, -3*i + 732 = 3*r - 0*r. Suppose -4*u + 9 = -4*p + 61, -4*p - 4*u = -84. Suppose -3*g + i = p. What are the prime factors of g?
2, 37
Let g be 1 - (-2 + 1 + -347). Let s = -89 - -91. Suppose -s*x - 6*q = -q - 197, -5*q - g = -4*x. List the prime factors of x.
7, 13
List the prime factors of 262/((-11)/220*-8).
5, 131
Suppose 2123 + 1666 = 9*x. Let n = x + -208. List the prime factors of n.
3, 71
List the prime factors of (-137332)/(-117)*24 + 2 + (-10)/6.
11, 13, 197
Suppose -5*p + 65513 = 8*r, 0 = -56*p + 59*p - 2*r - 39301. List the prime factors of p.
3, 11, 397
Let z = -743 - -1762. Suppose 4*m - 4*y - 103 = 1237, 3*m = -4*y + z. Suppose 5*j - m = -10*o + 6*o, 330 = 4*o - 2*j. What are the prime factors of o?
83
Suppose 12 = 6*a + 1242. Let z = 230 + a. What are the prime factors of z?
5
Suppose 489753 = 188883*v - 188856*v. List the prime factors of v.
11, 17, 97
Let b = -3 - -6. Let p(l) = 39*l + 15. Let w be p(-2). What are the prime factors of (-7)/(b*3/w)?
7
Let h(p) = -2*p**2 - 10*p + 14. Let z be h(23). Let o = z + 2148. What are the prime factors of o?
2, 19, 23
Let b(n) be the third derivative of -5/24*n**4 - 5/6*n**3 - 1/20*n**5 - 15*n**2 + 0*n - 1/120*n**6 + 0. What are the prime factors of b(-5)?
2, 5, 7
Suppose 0*s = -s - 10. Let h be 752/22 + s/55 - 2. Let p = h + 9. What are the prime factors of p?
41
Suppose 0 = -331*o + 3432121 + 3202112. List the prime factors of o.
3, 17, 131